. Let g be (0 - -1)*(-12)/t. Let u = g - -17. Is u a composite number?
False
Let w be (3 - (0 + 1))*3. Let a be w/10 + 215/(-25). Is 3/12 + (-166)/a a prime number?
False
Let n be (0 - (-4)/10)*25. Let h be (-2)/(-4) - (-36)/(-8). Let v = n - h. Is v composite?
True
Let g = -1473 + 2257. Let t = -12 + 17. Suppose 149 - g = -t*h. Is h prime?
True
Let w = 417 + -206. Is w composite?
False
Let q = 280 + -143. Let u(g) = 3*g**3 - 7*g**2 - 5. Let v be u(5). Suppose -q - v = -4*i. Is i prime?
True
Suppose 0 = -3*p + 5*s + 134, 5*s = -2*p + 66 + 15. Is p prime?
True
Let b = 78 + 127. Is b composite?
True
Is 3/5 - (-2 - 10368/20) a composite number?
False
Let g(p) = -191*p**3 + 2*p**2 + 3*p + 5. Is g(-2) a composite number?
True
Let y = 2460 - 1561. Is y a prime number?
False
Suppose -3*b = -26 + 8. Suppose -3*q + b*q = 21. Is q a prime number?
True
Suppose 3*t - 2*y = 10587, -4*t - 2*y = -6723 - 7379. Is t a composite number?
False
Let t(w) be the third derivative of 17*w**5/30 + w**4/12 - 5*w**3/6 - 2*w**2. Is t(4) a prime number?
True
Let s(m) = m**2 + 6*m + 3. Suppose -2*f - 2*o - 10 = 0, -2*f + 3*f - 4*o + 5 = 0. Let n be s(f). Is (3/1 + n)*31 a composite number?
False
Let o(x) = -x**3 + 4*x**2 - 5*x + 3. Let c be o(3). Let a(i) = 2*i**2 + 2*i + 1. Is a(c) a prime number?
True
Suppose 2*q = 1721 + 1209. Is q a prime number?
False
Let v = 3 - 0. Suppose -v*t = 5*j - 0 - 15, -4*t = -j - 20. Suppose -t*g + 57 = -128. Is g composite?
False
Suppose -20 = 3*k - 8*k. Suppose 8 = -4*y, q - y + 3*y + 1 = 0. Suppose -329 = -q*f - v, k*v = 5*f + 156 - 727. Is f prime?
False
Suppose 12 = -0*i + 3*i. Suppose -a + 337 = i*a + 4*t, 0 = -3*a + 2*t + 211. Is a prime?
False
Let l(s) = -s + 2*s - 2*s + 2*s + 8. Let u be l(-8). Suppose -2*g + 2 = u, 4*g + g + 136 = 3*i. Is i prime?
True
Suppose 5*o - 4*o - 2326 = 0. Is o prime?
False
Is -1 + -3 - -1 - (7 - 201) a prime number?
True
Suppose 0 = -6*k + 4*k + 670. Is k prime?
False
Let y(l) = l**3 + 8*l**2 + 9*l + 5. Let p be y(-6). Suppose v - 22 = p. Is ((-5)/3)/((-5)/v) composite?
True
Let m(t) = 28*t**2 + 2*t - 3. Let p(a) = a + 9. Let i(g) = -3*g + 5. Let w be i(4). Let f be p(w). Is m(f) prime?
True
Let q = -8 - -10. Let u be (q + -1)/((-4)/(-168)). Let o = u + -9. Is o a composite number?
True
Suppose 5*f = -w - 40 - 6, -36 = w + 3*f. Let h be (7/2)/(-1)*-2. Is 4/h*w/(-6) composite?
False
Let v(p) = -p**2 + 9*p + 12. Let h be v(10). Is h*(-508)/8*-5 prime?
False
Suppose -k + 10 = 2*m, 0 = -3*m + 6*m - 5*k - 15. Suppose -17 = m*r - 3*g, 3*r + 0*g + 15 = -3*g. Let t(h) = 10*h**2 - 2*h + 1. Is t(r) a composite number?
True
Let x(r) = 3*r**3 + 2*r**2 - 2*r - 1. Let n be x(2). Let f = n - -60. Is f a composite number?
True
Let m = -9 - -14. Suppose -4*n - 2*r - 5 = 1, 3*r = -m*n - 10. Is (-5)/(((-1)/3)/n) composite?
True
Let z(b) = -b**2 - 6*b - 3. Let r be z(-5). Let d be (3 - 6)*(-4)/3. Suppose -2*x + r*l - 4*l + 64 = 0, d*x - 125 = -l. Is x a prime number?
True
Let y = 11 - 49. Is (-1)/(78/y - -2) composite?
False
Let s be -5 - (-1 - 0) - 2. Let v(x) = x**3 + 6*x**2 - x - 4. Let z be v(s). Suppose 4 - 18 = -z*p. Is p a prime number?
True
Let n = -1 - -3. Let l be (n + -3)/((-2)/82). Let x = l + -19. Is x a composite number?
True
Suppose -4*u - u + 6 = -g, 0 = -4*g + 2*u + 12. Suppose g*f - 201 = 155. Is f composite?
False
Suppose -8421 = -4*w + 5*n, -3*n - 6292 = -3*w - 4*n. Is w a composite number?
False
Suppose -p + 110 = -951. Is p composite?
False
Suppose 5*j = 4*u + 564, 3 = -3*u - 0. Let o = j + -35. Is o a prime number?
False
Suppose 6*l = l + 20. Suppose 2 = -g - 2*i, 5*i = -0*g - 3*g - l. Suppose g*c = -c + 63. Is c a composite number?
True
Is 890 - 5/20*4 a composite number?
True
Let f be 1/(2*(-3)/(-12)). Let n(w) = w**3 - 2*w. Let o be n(f). Suppose o*u - 100 = -0*u. Is u a composite number?
True
Let k(w) be the first derivative of 10*w**3/3 + 3*w**2/2 - 2*w + 5. Is k(-3) a composite number?
False
Is (68 + 3)/(-3 + 7/2) a prime number?
False
Let z(p) = -p**3 + 5 + 5*p + 0 - 7 + 4*p**2. Let t be z(5). Is t*(3 - 74/4) a composite number?
False
Suppose -14*w - 106 = -16*w. Is w a prime number?
True
Suppose -5*c + j = -32, 3*c + 2*c - 24 = -3*j. Suppose -r + c = r. Suppose l + l + 2*d = 14, 4*l + r*d - 28 = 0. Is l a prime number?
True
Suppose 2*v = -2*v + 1204. Is v prime?
False
Let c(q) = -30*q + 17. Is c(-13) prime?
False
Suppose 6724 = 9*h + 1117. Is h prime?
False
Suppose -y = r - 417, -4*r + 1666 = -0*y + 3*y. Suppose -o - r = -168. Let b = 458 + o. Is b a composite number?
False
Suppose -2*k = -2*m + k + 63, 0 = 3*k - 3. Is m prime?
False
Let n = -20 + 26. Is n a composite number?
True
Let d be 35/2*56/10. Let n = d - 67. Is n composite?
False
Let d = -4 - -4. Let u be (-35 - -2)*(d - 1). Let l = 58 - u. Is l prime?
False
Is 1 + (-13)/((-65)/7500) a prime number?
False
Let j be 190 - (-1 + 2)/(-1). Suppose 5*m - 1292 = m + y, -y + 1284 = 4*m. Let t = m - j. Is t prime?
True
Let y be 12*11*14/(-21). Let d = 163 - y. Is d a prime number?
True
Let i be 517/(-2) - (-7)/(-14). Let w = -128 - i. Is w a prime number?
True
Let t = -810 + 1489. Is t a prime number?
False
Let r(t) = 52*t - 1. Let k be r(1). Suppose 8 = g - k. Is g a prime number?
True
Suppose -3*d = -3*y - 1035, -d + 336 + 17 = -3*y. Is d composite?
True
Suppose 12 + 3 = 5*r. Let c(v) = r*v - 1 + 4 + 3*v. Is c(3) prime?
False
Suppose g + 179 = -0*g. Let j = -469 + 817. Let o = g + j. Is o a composite number?
True
Is 1362 - 6/15*10/4 prime?
True
Let y = 5 + -2. Let n be 64 - (4/(-4) - 0)*3. Suppose y*m - n - 134 = 0. Is m a prime number?
True
Let h = -419 + 714. Is h prime?
False
Suppose -166 = -t + 531. Is t a composite number?
True
Suppose -z + 2525 = 3*c + z, 827 = c - 3*z. Is c a composite number?
False
Let q(k) = 3*k**2 + 3*k + 1. Let i(o) = 4*o**2 + 2*o - 1. Let x be i(1). Is q(x) a composite number?
True
Suppose 0 = -4*k + 5*k - 445. Is k prime?
False
Let j(c) be the third derivative of c**5/60 + c**4/24 + 53*c**3/6 - 4*c**2. Let g be 1 - 1/1 - 0. Is j(g) prime?
True
Suppose -3*i - i + 20 = 0. Suppose -n + 9 = -2*q, -n - n = i*q. Suppose n*k - 229 = 406. Is k a prime number?
True
Is -1 + -2956*1/(-2) composite?
True
Let o(p) = 4*p + 1. Let r = 23 + -16. Let c be o(r). Let h = c + 14. Is h a prime number?
True
Suppose 3 = -5*g - 2*k, 0 = 3*g + 2*k - 0 + 1. Let w = -1 + g. Is ((-8)/4)/(w/113) composite?
False
Suppose -4*x + 108 = -272. Is x a composite number?
True
Let w be (-1)/2 - (-3748)/8. Let m = w - -163. Is m prime?
True
Suppose 9*v - 1138 - 2561 = 0. Is v composite?
True
Let r(d) = -d - 8. Let x(v) = -3*v - 17. Let z(n) = -5*r(n) + 2*x(n). Let u be z(0). Is ((-94)/u)/((-2)/6) prime?
True
Let z(m) = -m**2 + 5*m - 1. Let n be z(4). Let a = 1 + n. Suppose -3*o + 15 = 2*t, -3*t - 44 = -9*o + a*o. Is o prime?
True
Suppose -2*z = -4*z. Let k(t) = t**3 + 8*t**2 - 8*t + 11. Let h be k(-9). Suppose 0 = -z*l - h*l + 130. Is l a composite number?
True
Let t(y) = -4*y**3 + 3 - 2 - 4*y - y**2 - 4. Let i be t(-7). Is i/20 - 4/10 prime?
True
Let n(r) = -r**3 + 2*r**2 + r. Let g be n(2). Let a be ((-306)/(-15) + g)*-5. Let l = -59 - a. Is l a prime number?
True
Suppose 0 = -3*c + 6*c - 15. Suppose -3*p + 4 = -c. Is p composite?
False
Let z = -10 - -4. Let i(r) = -r - 8. Let w be i(z). Is (114/(-12))/(1/w) prime?
True
Suppose 0 = -0*x + 3*x - 3, 0 = 5*k - 3*x - 37. Suppose -h + 33 = -5*t, 2*t + 176 = 4*h + k. Is h composite?
False
Let m(i) = i**3 + 6*i**2 - 2*i - 7. Let k be m(-6). Suppose 0 + 3 = l - 2*j, k*l - 4*j - 9 = 0. Is l*5/((-10)/(-52)) a composite number?
True
Let s = 2 - 5. Let u = 0 - s. Is (230/6)/(u/9) composite?
True
Suppose 0 = b - 2*b + 4*m + 13, 5*m + 15 = b. Let t be b*(-3)/(-3)*-1. Let a = t - -72. Is a prime?
True
Let m(x) be the first derivative of 2*x**2 + 13*x - 2. Is m(10) a prime number?
True
Let n(q) = 2*q**2 - 11*q - 1. Suppose 3*f - 16 = 11. Is n(f) composite?
True
Let b(h) = 1436*h + 3. Is b(4) prime?
False
Let i(m) = 484*m + 1. Suppose 1 = -0*d + d. Is i(d) composite?
True
Let n = 3 + -2. Let a be n - 2/(-2 + 4). Suppose -4*r + 5*f + 191 = a, -4*f = -3*r + f + 142. Is r a composite number?
True
Let j = -17 - -11. Let v = j + 9. Suppose 2*i = 3*o + 63, v*i = -0*i - 5*o + 104. Is i a prime number?
False
Suppose 5*